digit of q?
1
Suppose 3*h - h - 4 = 0. Suppose 0 = -h*m + 5 - 1. What is the tens digit of (-52 - m)*1/(-3)?
1
Let m = -3 - 92. Suppose 5*w = w - 676. Let j = m - w. What is the tens digit of j?
7
Let k(s) = -s**2 + 15*s + 58. Let n be k(-3). Suppose n*x - 6*x + 2*c + 286 = 0, -2*x + c = -285. What is the hundreds digit of x?
1
Suppose 50 = -4*b + 18. Let z be (-7)/(-28) - ((-2)/b + -2). Suppose -k + 220 = 5*p, 0 = 2*k - 8 - z. What is the tens digit of p?
4
Suppose -10*v + 194 + 16 = 0. Suppose -4*s - 28 = -y - 3*y, -5*s - v = 2*y. What is the units digit of -1 + 108 - (y + -3)?
8
Let s = 600 - 3281. Let g = s - -4059. What is the units digit of g?
8
Suppose 3*s - 4*s + 2*f = 6, -s - 3*f + 9 = 0. Let t = 2000 - 1404. Suppose -t = -4*l - s*l. What is the hundreds digit of l?
1
Suppose 0 = -0*y - 2*y + 12. Suppose -y = -f - 10. What is the units digit of ((-6)/4)/(f/272)?
2
Let w = 67826 - 19835. What is the tens digit of w?
9
Let l(h) = -4*h**3 - 48*h**2 + 22*h + 63. What is the units digit of l(-16)?
7
Suppose -2708 = -5*s - 2*d - d, -5*s + 2*d + 2703 = 0. What is the units digit of s?
1
Suppose 0 = y + 15*k - 18*k + 3, 0 = k - 1. Suppose y = 20*v - 10*v - 3610. What is the hundreds digit of v?
3
Suppose 2*x - 3781 = p, -14*x + 19*x + 3*p - 9469 = 0. What is the thousands digit of x?
1
Suppose -5*c + 101174 = -2*w, -w - 41 = -39. What is the tens digit of c?
3
Let y = -50 + 58. What is the hundreds digit of 565 - -7 - -4 - y?
5
Let n(o) = o**2 + 6*o - 15. Let y be n(6). Suppose y + 28 = 5*x. Suppose 20*f = x*f + 222. What is the units digit of f?
4
Let n(h) be the second derivative of h**4/2 - 7*h**3/6 + 23*h**2 + 34*h. What is the hundreds digit of n(5)?
1
Suppose -2609140 = 153*v - 4703832 - 3340939. What is the units digit of v?
7
Let q(n) = -14*n**2 + 1. Let p be (1/1)/((-2)/(-4)). Let o be q(p). What is the tens digit of (-7)/(o/(-130) - (-1)/(-2))?
9
Suppose -5*w = -3*s + 29716, -2*s + 6807 = -5*w - 12997. What is the thousands digit of s?
9
Suppose 13 - 5 = 3*u - n, 5*n = -3*u + 32. Let f(b) = b**2 + b - 1. Let s be f(2). Suppose u*m - s*v = -0*v + 286, v + 220 = 3*m. What is the tens digit of m?
7
Let f be (-12)/(8/4) + 27. What is the units digit of (3/(-6))/(f/(-8778))?
9
Suppose 56*w - 7902 = 54*w - 4*q, 2*q = -2*w + 7896. What is the thousands digit of w?
3
Suppose 0 = -2*i - r + 23738, 315*r + 47470 = 4*i + 318*r. What is the tens digit of i?
7
Suppose 0 = 5*k - 6*k + 4. What is the hundreds digit of (-11 - -4 - -935) + k?
9
Suppose 7*f - 16 = 5. Suppose -899 = -f*a + 229. What is the hundreds digit of a?
3
Suppose 0 = -2*n - w + 2, n + 2*w - 7*w = 1. What is the hundreds digit of (-2055)/(-8) - n/(-8)?
2
Suppose -296 = 7*u + 96. Let b = 108 + u. What is the tens digit of b + 100/26 + (-2)/(-13)?
5
Let y be (618/(-12))/(-1)*-24. What is the tens digit of y/(-4)*25/15?
1
Suppose 0 = 3*d - 1159 - 584. Suppose t = 71 + d. What is the units digit of t?
2
Suppose 655 - 29159 = -4*r + 2*r. What is the ten thousands digit of r?
1
Let u = -1219 + 1712. Let d = u + -179. What is the hundreds digit of d?
3
What is the units digit of (-32341 + 0)/((6/8)/((-111)/148))?
1
Let h(m) be the third derivative of -m**6/120 + 3*m**5/10 + 17*m**4/24 - 31*m**3/2 - 72*m**2. What is the units digit of h(15)?
7
Let c(k) = k**3 - 6*k**2 + 6*k - 5. Let z = 28 + -23. Let a be c(z). Suppose -2*h = a, 5*q - 4*h - 485 = -h. What is the tens digit of q?
9
Let l(o) = 41*o**2 - 189*o - 2949. What is the hundreds digit of l(-15)?
1
Let p = -37442 + 61380. What is the ten thousands digit of p?
2
Suppose -3*v + 16358 = -v - y, 4*y = -2*v + 16368. What is the tens digit of v?
8
Suppose -16*d + 167869 = -76819. What is the units digit of d?
3
Let z(j) = -j**3 - 7*j**2 - 10*j - 2. Let u be z(-6). Let l = u + -17. Suppose 4*y - 173 = l*c - 29, y = 5*c + 51. What is the units digit of y?
1
Let m(t) be the second derivative of -t**5/20 - 5*t**4/12 + t**3/6 + 4*t**2 + 17*t. Let u be m(-5). Suppose 290 = 8*z - u*z. What is the tens digit of z?
5
Suppose -2*n + 3*o + 393 + 81 = 0, -5*o = 5*n - 1210. Suppose 806 = -7*r - 188. Let v = r + n. What is the units digit of v?
8
Suppose 5*s - 363 = 637. Suppose 11*i - s = 6*i. Let p = -18 + i. What is the tens digit of p?
2
Let p(i) = -13*i**3 - 4*i**2 + 6*i + 4. Suppose v - 3*j - 25 = 0, 3*v - j - j - 82 = 0. Suppose 35*b + 21 = v*b. What is the hundreds digit of p(b)?
3
Suppose 5*c + 25 = -p + 5, 3*p + 21 = -2*c. What is the units digit of 15*12/(-4)*38/p?
2
Let n = 1505 - -11881. What is the thousands digit of n?
3
Let a(r) = 25*r**3 - 9*r**2 + 7*r + 10. Let u(i) = -2*i**3 + 3*i**2 - 2*i - 4. Let b(s) = a(s) + 2*u(s). Suppose 0*x + 2*x = 4. What is the tens digit of b(x)?
6
Let t = -5345 + 11056. What is the units digit of t?
1
Suppose 0 = 6*p - 1005 - 123. Suppose 3*a - p = -3*k + 235, 0 = -4*a + 2*k + 558. What is the tens digit of a?
4
Suppose -33266 = -5*t + 4*f, 5*t + 72*f = 70*f + 33302. What is the units digit of t?
8
Let a(o) = -19*o**2 - 23*o - 2. Let l(i) = -13*i**2 - 15*i - 1. Let h(u) = -5*a(u) + 7*l(u). Let n be h(7). Suppose n = -5*k + 909. What is the tens digit of k?
2
Let r be -3 - -4 - -25 - 3. Let m = r - 20. Suppose -4*k + 155 = m*u, 0*u - 4*k = -5*u + 269. What is the tens digit of u?
5
Let j be ((-2)/(-5))/(26/(-65)). What is the hundreds digit of -2 + (-103)/j + -1?
1
Suppose -d - 2*d = -12, 2*o = -d + 6. Let y(q) = 1477*q**2 - 11*q + 11. What is the thousands digit of y(o)?
1
Let p(y) = y**3 - 19*y**2 + 33*y + 19. Let a be p(17). What is the units digit of a/1*(-30)/12 + 573?
8
Let z be (1 - 0 - (-10)/(-6))*-2109. What is the tens digit of (z - 5)/(1/1)?
0
Suppose -v = 13*j - 11*j - 1089, 0 = 3*j - 4*v - 1650. Suppose -j = -23*y + 21*y. What is the units digit of y?
3
Suppose -319174 = 213*b - 2208484. What is the tens digit of b?
7
Let i(t) = -t**2 - 12*t + 18. Let c be i(-18). Let q = c + 93. Suppose 0 = -2*y + 4*w + 220, -2*w - 350 = -q*y - w. What is the tens digit of y?
1
Let m(f) = -f**2 - 18*f - 30. Let n(i) be the third derivative of -i**4/8 + 19*i**3/3 + 18*i**2. Let b be n(18). What is the units digit of m(b)?
2
Suppose 159*q - 448875 = 24*q. What is the units digit of q?
5
Suppose -13*n - 6*n = -6*n - 85787. What is the thousands digit of n?
6
Suppose 677 = 4*p + f, -4*p + 3*f + 689 = -0*f. Let s = -101 + p. What is the tens digit of s?
6
Let r = -115 + 116. What is the tens digit of r*-14*(-32 - -3)?
0
Let x(a) = -a**3 - 7*a**2 + 29. Let v be x(-7). Suppose -25080 = 7*d - v*d. What is the tens digit of d?
4
Suppose -3*o + 6 = 0, 2*b + o - 78025 = -1689. What is the ten thousands digit of b?
3
Let l = 48 - 43. Suppose l*p + 25 = -15. What is the units digit of (p/(-24))/((-1)/(-246)) - 1?
1
Let t be 6/8*(-6 - 6)*-1. Suppose t*s - 5 = 40. Let i(y) = y**3 - 2*y**2 - 8*y + 6. What is the units digit of i(s)?
1
Suppose 26*f + 24*f - 672900 = 0. What is the thousands digit of f?
3
Suppose 4*m - 57504 = 5*z, 41 = m + 4*z - 14314. What is the hundreds digit of m?
3
Let d(o) = -81 + 245*o - 30 - 37 - 26. What is the tens digit of d(6)?
9
What is the units digit of (-23612)/(-6) - ((-44)/12 + 4)?
5
Let h = -22 + 46. Suppose 13 + 5 = 2*k - 5*i, -5*k + h = -2*i. Let n = 102 - k. What is the units digit of n?
8
Let g be (40/(-50))/(-2)*15/2. Suppose 0 = f + 2, -g*r = 16*f - 20*f - 1718. What is the units digit of r?
0
Suppose 2*d + 839*m - 133905 = 844*m, -d - m = -66970. What is the ten thousands digit of d?
6
Let u(k) = 13*k - 4. Let h be u(7). Let z(d) = d - 1. Let a be z(5). Suppose -w + 26 = -i - 64, -a*i - h = -w. What is the units digit of w?
1
Let p(z) = -z**3 - 29*z**2 + 35*z - 13. Let o be p(-30). Let m = o - -192. What is the units digit of m?
9
Let d(k) = k**3 - 4*k**2 + k + 4. Let b be d(3). Let h be 77*((-44)/(-77))/4. What is the tens digit of b/2*(1 - (1 + h))?
1
Let j(d) = -d**2 + 6*d + 11. Let x be ((-3)/6*-6)/((-15)/20). Let t be j(x). Let m = 35 + t. What is the units digit of m?
6
Let v(f) = 4*f**2 - 5*f. Suppose -2*p = -5*p + 6. Let a be v(p). Suppose 2*t - a*n + 5*n = 37, -t + 36 = -4*n. What is the units digit of t?
6
Let w = -18 - -37. Let r = w + -24. Let x(i) = i**3 + 10*i**2 + 8*i + 12. What is the tens digit of x(r)?
9
Let g = 1075 - 2136. Let x = g - -1515. What is the ten